*u - 1881. Calculate v(25).
-6
Let u(q) = -q**3 - 12*q**2 - 6*q + 158. Determine u(-11).
103
Let z(f) = -4920*f + 2422. Calculate z(0).
2422
Let l(c) = c**3 + 24*c**2 - 136*c - 22. Give l(-29).
-283
Let w(x) = -117*x**2 - 1536*x - 40. What is w(-13)?
155
Let x(c) = c**2 + 328*c - 9285. What is x(26)?
-81
Let z(f) = -6*f**2 - 1127*f - 13192. What is z(-12)?
-532
Let n(j) = -3212*j - 18980. What is n(-6)?
292
Let g(v) = -v**2 - 264*v + 3081. Calculate g(12).
-231
Let q(n) = 9839*n + 5963. Determine q(-1).
-3876
Let b(t) = -29662*t + 177968. Determine b(6).
-4
Let a(m) = 70479*m + 422838. Give a(-6).
-36
Let u(k) = -k**3 + 1721*k**2 - 10297*k. What is u(6)?
-42
Let a(d) = d**3 - 307*d**2 + 163*d - 145052. What is a(308)?
16
Let d(p) = 2007*p - 1755. Determine d(1).
252
Let z(m) = 46775*m + 329. Determine z(0).
329
Let j(w) = 2092*w - 3284. What is j(2)?
900
Let x(f) = -19095*f + 7828933. Calculate x(410).
-17
Let s(u) = -68*u - 1054. What is s(-8)?
-510
Let s(c) = c**3 - 147*c**2 + 1740*c + 201. What is s(134)?
-67
Let i(z) = -29979*z - 1558909. Calculate i(-52).
-1
Let c(p) = -p**3 - 68*p**2 + 3673*p - 2410. Calculate c(35).
-30
Let b(m) = -2*m**2 - 23*m + 471. Give b(11).
-24
Let z(a) = 2*a**2 - 123*a - 77. Give z(58).
-483
Let i(p) = 2*p**2 - 34354*p - 1653368. Give i(-48).
232
Let h(i) = 17*i**2 + 808*i - 1607. What is h(2)?
77
Let f(o) = 2*o**3 - 13*o**2 + 84*o - 352. Calculate f(6).
116
Let x(k) = -73776*k**2 + 147593*k + 6. Determine x(2).
88
Let f(r) = -22*r - 709. What is f(25)?
-1259
Let w(s) = 573*s - 82779. Determine w(144).
-267
Let t(n) = 11409*n - 11986. What is t(1)?
-577
Let q(a) = 3*a**2 + 25999*a - 1702647. Give q(65).
-37
Let d(y) = 2*y**3 - 4*y**2 - 62*y - 243. What is d(-6)?
-447
Let y(h) = -h**3 - 26*h**2 + 14*h - 48. Give y(-27).
303
Let c(o) = -o**3 + 34*o**2 - 796*o + 33547. Calculate c(37).
-12
Let h(l) = 3*l**2 - 2514*l - 110902. Calculate h(-42).
-22
Let a(o) = 143*o**2 - 4423*o - 290. Determine a(31).
20
Let a(o) = -2*o**3 + 259*o**2 + 394*o - 373. Give a(131).
-242
Let d(a) = 605*a - 9096. Give d(8).
-4256
Let h(j) = 7260*j + 181652. Determine h(-25).
152
Let y(h) = -7*h**3 + 4060*h**2 - 6*h + 3437. Determine y(580).
-43
Let j(u) = -65*u**2 - 6*u - 11. What is j(-1)?
-70
Let i(h) = 155*h**2 + 1727*h + 289. Determine i(-11).
47
Let z(t) = 24102*t + 48397. Give z(-2).
193
Let p(j) = -29*j**2 - 20858*j - 5128. Determine p(-719).
-95
Let f(u) = -u**2 + 123*u + 30809. Calculate f(245).
919
Let i(x) = -x**3 - 12*x**2 - 50*x + 658. What is i(-13)?
1477
Let d(o) = -3*o**3 + 392*o**2 - 1671*o + 183435. What is d(130)?
5
Let x(w) = -62*w**2 - 1061*w + 108. What is x(-17)?
227
Let k(n) = -n**3 - 48*n**2 + 169*n - 11904. Give k(-55).
-24
Let n(b) = 219*b**2 - 2904*b + 653. Give n(13).
-88
Let u(v) = -58*v**3 + 5976*v**2 - 973*v + 78994. Calculate u(103).
-7
Let f(u) = 273*u + 21509. What is f(-83)?
-1150
Let d(g) = 18273*g + 18266. Give d(-1).
-7
Let t(f) = 2896*f - 8700. What is t(3)?
-12
Let o(m) = -5*m**2 + 1068*m + 10522. Calculate o(223).
41
Let k(b) = 3127*b - 109516. What is k(35)?
-71
Let f(m) = m**2 + 15038*m + 1077533. What is f(-72)?
-19
Let t(u) = 22*u**2 - 9231*u - 84829. Calculate t(-9).
32
Let i(s) = -4884*s - 82934. Calculate i(-17).
94
Let j(u) = u**3 + 136*u**2 - 237*u - 13706. Determine j(-137).
-6
Let a(j) = -2*j**3 - 50*j**2 + 403*j + 987. Determine a(-31).
26
Let n(g) = 2*g**3 - 30*g**2 + 55*g - 785. Calculate n(15).
40
Let q(s) = -102*s + 30230. Give q(301).
-472
Let n(g) = -29*g**2 + 168*g - 30. Determine n(-3).
-795
Let c(z) = -2*z**2 - 118*z + 306310. Determine c(363).
-62
Let k(d) = -28*d**3 - 3*d**2 + 36*d + 83. Calculate k(-3).
704
Let p(j) = 95*j**2 - 139*j - 398. Give p(5).
1282
Let t(b) = 2*b**3 - 538*b**2 + 2643*b + 55. Calculate t(5).
70
Let q(w) = 57*w + 457. Determine q(-4).
229
Let y(d) = 853*d - 558. Give y(-2).
-2264
Let z(s) = -113*s - 2723. Give z(-28).
441
Let r(q) = 7*q**3 + 63*q**2 - 5*q - 114. What is r(-6)?
672
Let d(i) = -17*i**3 - 239*i**2 + 1593*i - 58. Give d(-19).
-1
Let q(h) = -h**3 + 9*h**2 + 100*h + 42. Determine q(-8).
330
Let n(a) = 1674*a - 19404. Give n(12).
684
Let w(b) = -9735*b + 214268. Calculate w(22).
98
Let s(t) = -169*t**2 - 15369*t + 282. Calculate s(-91).
-628
Let o(k) = -k**3 - 207*k**2 + 99*k + 20589. Calculate o(-207).
96
Let j(f) = 35*f**3 + 16*f**2 + 369*f - 1259. What is j(3)?
937
Let c(g) = 1725*g + 1682. What is c(0)?
1682
Let x(q) = -3*q**3 - 239*q**2 + 58*q - 61. Determine x(-80).
1699
Let y(q) = 99*q**2 + 1446*q - 1447. What is y(1)?
98
Let u(v) = 5*v**2 - 514*v - 1437. Calculate u(106).
259
Let p(x) = 5*x**3 - 76*x**2 - 21*x + 305. Calculate p(15).
-235
Let w(s) = 7355*s - 1551908. Calculate w(211).
-3
Let h(c) = -32467*c - 2986961. Calculate h(-92).
3
Let c(d) = 8*d**2 + 340*d + 46. Give c(-42).
-122
Let u(c) = c**2 + 440*c + 12677. Give u(-31).
-2
Let s(d) = -120*d**3 + 4918*d**2 + 89*d - 205. Determine s(41).
82
Let v(w) = -4662*w + 12544. Calculate v(3).
-1442
Let v(q) = -22*q**3 - 603*q**2 + 652*q - 47. What is v(1)?
-20
Let q(m) = 10*m**2 + 112*m - 3451. Determine q(-25).
-1
Let z(g) = 4*g**3 - 21*g**2 - 42*g + 365. What is z(4)?
117
Let l(r) = -8*r**3 - 897*r**2 - 78*r + 191. What is l(-112)?
-3617
Let b(a) = a**3 - 15*a**2 - 110*a - 536. Give b(19).
-1182
Let n(f) = 2*f**3 - 14*f**2 - 513*f + 3131. What is n(6)?
-19
Let r(a) = 28*a**2 - 149*a + 80. What is r(8)?
680
Let m(k) = 144*k**2 + 14576*k + 3256. Determine m(-101).
24
Let a(b) = -5*b**3 + 42*b**2 + 787*b - 15. What is a(-9)?
-51
Let i(n) = 2*n**3 + 23*n**2 + 182*n + 2308. What is i(-12)?
-20
Let z(d) = d**3 - 683*d**2 + 11970*d + 2. Determine z(665).
2
Let o(z) = -3*z**3 - 1737*z**2 + 17594*z - 44759. Calculate o(-589).
5
Let g(s) = 3*s**3 + 6109*s**2 - 312952*s + 104. Determine g(50).
4
Let c(m) = -2635*m - 1409712. What is c(-535)?
13
Let h(p) = -p**2 + 105*p + 12155. Give h(-69).
149
Let x(s) = s**3 + 265*s**2 - 4924*s - 1238994. Give x(-266).
34
Let z(a) = -26*a**2 - 2597*a + 13. What is z(-100)?
-287
Let x(f) = -f**3 + 482*f**2 - 392*f + 189056. Determine x(482).
112
Let k(i) = 4*i**2 + 49101*i - 392890. Determine k(8).
174
Let k(c) = -1881*c + 28697. Determine k(15).
482
Let i(j) = 949*j + 71867. Determine i(-75).
692
Let f(d) = 7684*d - 92245. Give f(12).
-37
Let u(h) = 5658*h + 2308491. Give u(-408).
27
Let p(y) = 2*y**2 - 255*y - 8208. What is p(154)?
-46
Let a(k) = 7208*k + 3885114. Determine a(-539).
2
Let x(i) = -3076*i - 12304. Determine x(-4).
0
Let i(a) = 135*a + 2667. What is i(-28)?
-1113
Let n(r) = 7*r**2 + 358*r - 114517. Give n(-156).
-13
Let y(v) = 22*v**3 - 266*v - 542. Give y(-2).
-186
Let g(s) = 121*s + 15775. What is g(-132)?
-197
Let m(o) = 2355*o - 52741. Calculate m(24).
3779
Let z(i) = 12*i**2 + 2604*i - 10386. What is z(4)?
222
Let f(r) = 46*r**2 + 2186*r - 169812. What is f(-89)?
0
Let n(f) = f**3 - 37*f**2 + 231*f - 7012. Give n(36).
8
Let y(i) = -4*i**3 + 47*i**2 + 59*i - 20. Calculate y(13).
-98
Let w(j) = -8367*j - 1229945. Calculate w(-147).
4
Let i(n) = 6*n**3 - 13*n**2 + 280*n - 1628. What is i(7)?
1753
Let x(q) = -1518*q - 13817. What is x(-9)?
-155
Let x(c) = -21*c**2 - 4065*c + 111839. Calculate x(-218).
5
Let a(y) = -3*y**2 - 104*y - 609. Determine a(-24).
159
Let y(s) = -1188*s + 1474. Calculate y(2).
-902
Let s(l) = 4862*l - 2873466. Determine s(591).
-24
Let r(j) = 2*j**3 + 242*j**2 + 592*j + 13794. Give r(-119).
-10
Let g(w) = 32161*w - 2154776. Determine g(67).
11
Let n(q) = -158629*q - 793135. Determine n(-5).
10
Let p(f) = -1440*f + 614950. Calculate p(427).
70
Let n(b) = -b**3 - 17*b**2 - 229*b - 788. Give n(-7).
325
Let t(o) = 115*o**3 + 227*o**2 + 15*o + 34. What is t(-2)?
-8
Let b(w) = 85343*w + 1792197. Determine b(-21).
-6
Let k(z) = -z**2 + 605*z - 41993. Determine k(80).
7
Let j(b) = -b**3 + 5*b**2 + 946*b + 6040. What is j(-7)?
6
Let m(j) = -j**3 + 136*j**2 + 59*j - 20. Calculate m(0).
-20
Let g(v) = -579*v - 382123. Determine g(-660).
17
Let y(b) = 5922*b - 609658. What is y(103)?
308
Let v(p) = -18*p**2 - 867*p + 4360. Give v(5).
-425
Let o(n) = -274*n**2 + 8790*n - 720. Give o(32).
-16
Let b(h) = 30384*h + 182217. Give b(-6).
-87
Let u(s) = 3882*s + 1358774. Determine u(-350).
74
Let u(k) = k**2 + 346305*k + 8656993. De